{"id":409,"date":"2025-02-23T22:56:14","date_gmt":"2025-02-23T21:56:14","guid":{"rendered":"https:\/\/hockey-united.de.w01ecd90.kasserver.com\/?page_id=409"},"modified":"2025-04-01T21:55:17","modified_gmt":"2025-04-01T19:55:17","slug":"das-projekt-hockey-united","status":"publish","type":"page","link":"https:\/\/hockey-united.de\/?page_id=409","title":{"rendered":"Das Projekt"},"content":{"rendered":"<p>[et_pb_section fb_built=&#8220;1&#8243; _builder_version=&#8220;4.27.4&#8243; _module_preset=&#8220;default&#8220; global_colors_info=&#8220;{}&#8220;][et_pb_row _builder_version=&#8220;4.27.4&#8243; _module_preset=&#8220;default&#8220; global_colors_info=&#8220;{}&#8220;][et_pb_column type=&#8220;4_4&#8243; _builder_version=&#8220;4.27.4&#8243; _module_preset=&#8220;default&#8220; global_colors_info=&#8220;{}&#8220;][et_pb_heading title=&#8220;Sport als verbindendes Element \u2013 Das ist Hockey United Werne!&#8220; _builder_version=&#8220;4.27.4&#8243; _module_preset=&#8220;default&#8220; title_font=&#8220;Alfa Slab One||||||||&#8220; title_text_align=&#8220;center&#8220; global_colors_info=&#8220;{}&#8220;][\/et_pb_heading][et_pb_image src=&#8220;https:\/\/hockey-united.de.w01ecd90.kasserver.com\/wp-content\/uploads\/2025\/03\/United-X-Mas-44-scaled.jpg&#8220; title_text=&#8220;United X-Mas-44&#8243; _builder_version=&#8220;4.27.4&#8243; _module_preset=&#8220;default&#8220; global_colors_info=&#8220;{}&#8220;][\/et_pb_image][et_pb_text _builder_version=&#8220;4.27.4&#8243; _module_preset=&#8220;default&#8220; custom_padding=&#8220;0px|||||&#8220; inline_fonts=&#8220;Abel,Alfa Slab One,Allura&#8220; global_colors_info=&#8220;{}&#8220;]<\/p>\n<div>\n<p><span class=\"cf1\">Sport ist so vielseitig und bunt wie die Welt \u2013 und dass er auch stets ein verbindendes Element zwischen Menschen verschiedener Nationen sein kann, zeigt Hockey United Werne e. V. Als Projekt der Arbeitsgemeinschaft Fl\u00fcchtlinge Werne e. V. gestartet, haben sich die 16 Sportler nun zu einem \u201eechten\u201c Verein zusammengeschlossen. Elf M\u00e4nner gr\u00fcndeten am 1. Juli 2018 Hockey United Werne e. V. und wollen in der Hallensaison 2018\/19 in der 4. Verbandsliga des Bezirks Westfalen antreten.<\/span><\/p>\n<p><span class=\"cf1\">Sieben Erwachsene aus Syrien, Guinea und dem Irak, die auf der Flucht vor Terror und Gewalt in Werne eine neue Heimat finden m\u00f6chten, und acht ehemalige Hockeyspieler des TV Werne sowie ein deutscher Hockey-Neuling passten, dribbeln und stoppen seit April 2018, was das Zeug h\u00e4lt. \u201eDie Jungs haben doch schon zwei Jahre lang heimlich ge\u00fcbt\u201c, traute Patrick Jahncke beim ersten Training seinen Augen kaum, als er sah, wie gut sich die Gefl\u00fcchteten in dem f\u00fcr sie neuen Sport zurechtfanden.<\/span><\/p>\n<p><span class=\"cf1\">\u201eIch habe viel Spa\u00df am Hockey, weil man technisch sehr gefordert ist und alle seine Sinne einsetzen muss und auch alle Muskeln arbeiten m\u00fcssen\u201c, erkl\u00e4rt Wail Kaabour. Der Vermessungstechniker kam im Herbst 2015 aus Syrien nach Werne.<\/span><\/p>\n<p><span class=\"fs14lh1-5 cf1\">Oberstes Ziel ist es, \u00fcber den Sport Integrationsarbeit zu leisten, Ber\u00fchrungs\u00e4ngste auf beiden Seiten abzubauen und Kontakte untereinander auch au\u00dferhalb des Spielfeldes voranzutreiben. Hockey United Werne e.V. will f\u00fcr V\u00f6lkerverst\u00e4ndigung, Toleranz und ein friedliches Miteinander werben, versucht nun, seinen Platz in der Familie des Westdeutschen Hockey-Verbandes zu finden.<\/span><\/p>\n<p><span class=\"fs14lh1-5 cf1\">\u201eEs waren fantastische vier Monate. Es wurde viel gelacht und alle &#8211; Gefl\u00fcchtete und Deutsche &#8211; freuen sich auf das, was jetzt noch kommt\u201c, sagt Andr\u00e9 Wagner, Initiator von Hockey United Werne e.V. Er wurde am 1. Juli 2018 zum Vorsitzenden des in Deutschland wohl einzigartigen Hockeyclubs gew\u00e4hlt. Tim Gloge ist stellvertretender Vorsitzender, Bernd Temme der Kassierer.<\/span><\/p>\n<p><span class=\"fs14lh1-5 cf1\">In der Satzung wurden auch au\u00dfersportliche Integrationsangebote festgeschrieben. So sind Sprachkurse f\u00fcr die Spieler, aber auch Hausaufgabenbetreuung bzw. Nachhilfe f\u00fcr die Kinder der Aktiven fest eingeplant. Kooperationsgespr\u00e4che mit dem St. Christophorus Gymnasium in Werne werden nach den Sommerferien fortgesetzt.<\/span><\/p>\n<p><span class=\"fs14lh1-5 cf1\">Den Beitrag von 2 Euro pro Monat (Erwachsene) k\u00f6nnen alle Mitspieler aufbringen. Die Kosten sollen vielmehr durch F\u00f6rdermittel sowie Sponsoren gedeckt werden.<\/span><\/p>\n<\/div>\n<p>[\/et_pb_text][\/et_pb_column][\/et_pb_row][et_pb_row column_structure=&#8220;1_3,1_3,1_3&#8243; _builder_version=&#8220;4.27.4&#8243; _module_preset=&#8220;default&#8220; global_colors_info=&#8220;{}&#8220;][et_pb_column type=&#8220;1_3&#8243; _builder_version=&#8220;4.27.4&#8243; _module_preset=&#8220;default&#8220; global_colors_info=&#8220;{}&#8220;][et_pb_video src=&#8220;https:\/\/www.youtube.com\/watch?v=cJbEGv6nEAI&#038;feature=youtu.be&#8220; _builder_version=&#8220;4.27.4&#8243; _module_preset=&#8220;default&#8220; global_colors_info=&#8220;{}&#8220;][\/et_pb_video][et_pb_text _builder_version=&#8220;4.27.4&#8243; _module_preset=&#8220;default&#8220; text_orientation=&#8220;center&#8220; global_colors_info=&#8220;{}&#8220;]<\/p>\n<p>Vorstellung unseres Vereins<\/p>\n<p>[\/et_pb_text][\/et_pb_column][et_pb_column type=&#8220;1_3&#8243; _builder_version=&#8220;4.27.4&#8243; _module_preset=&#8220;default&#8220; global_colors_info=&#8220;{}&#8220;][et_pb_video src=&#8220;https:\/\/www.youtube.com\/watch?v=wEuEyrvH52E&#8220; _builder_version=&#8220;4.27.4&#8243; _module_preset=&#8220;default&#8220; global_colors_info=&#8220;{}&#8220;][\/et_pb_video][et_pb_text _builder_version=&#8220;4.27.4&#8243; _module_preset=&#8220;default&#8220; text_orientation=&#8220;center&#8220; global_colors_info=&#8220;{}&#8220;]<\/p>\n<p>Unser Weg zum Integrationsverein<\/p>\n<p>[\/et_pb_text][\/et_pb_column][et_pb_column type=&#8220;1_3&#8243; _builder_version=&#8220;4.27.4&#8243; _module_preset=&#8220;default&#8220; global_colors_info=&#8220;{}&#8220;][et_pb_video src=&#8220;https:\/\/www.youtube.com\/watch?v=U3wGubIYEKo&#8220; _builder_version=&#8220;4.27.4&#8243; _module_preset=&#8220;default&#8220; global_colors_info=&#8220;{}&#8220;][\/et_pb_video][et_pb_text _builder_version=&#8220;4.27.4&#8243; _module_preset=&#8220;default&#8220; text_orientation=&#8220;center&#8220; global_colors_info=&#8220;{}&#8220;]<\/p>\n<p>Unsere Vereinshymne<\/p>\n<p>[\/et_pb_text][\/et_pb_column][\/et_pb_row][et_pb_row _builder_version=&#8220;4.27.4&#8243; _module_preset=&#8220;default&#8220;][et_pb_column _builder_version=&#8220;4.27.4&#8243; _module_preset=&#8220;default&#8220; type=&#8220;4_4&#8243;][et_pb_button button_text=&#8220;Deutsche Hockey Zeitung \u00fcber Hockey United (PDF)&#8220; _builder_version=&#8220;4.27.4&#8243; _module_preset=&#8220;default&#8220; button_url=&#8220;@ET-DC@eyJkeW5hbWljIjp0cnVlLCJjb250ZW50IjoicG9zdF9saW5rX3VybF9hdHRhY2htZW50Iiwic2V0dGluZ3MiOnsicG9zdF9pZCI6Ijc3MyJ9fQ==@&#8220; _dynamic_attributes=&#8220;button_url&#8220; url_new_window=&#8220;on&#8220; hover_enabled=&#8220;0&#8243; sticky_enabled=&#8220;0&#8243;][\/et_pb_button][\/et_pb_column][\/et_pb_row][\/et_pb_section]<\/p>\n","protected":false},"excerpt":{"rendered":"<p>Sport ist so vielseitig und bunt wie die Welt \u2013 und dass er auch stets ein verbindendes Element zwischen Menschen verschiedener Nationen sein kann, zeigt Hockey United Werne e. V. Als Projekt der Arbeitsgemeinschaft Fl\u00fcchtlinge Werne e. V. gestartet, haben sich die 16 Sportler nun zu einem \u201eechten\u201c Verein zusammengeschlossen. Elf M\u00e4nner gr\u00fcndeten am 1. [&hellip;]<\/p>\n","protected":false},"author":2,"featured_media":0,"parent":0,"menu_order":0,"comment_status":"closed","ping_status":"closed","template":"","meta":{"_et_pb_use_builder":"on","_et_pb_old_content":"","_et_gb_content_width":"","footnotes":""},"class_list":["post-409","page","type-page","status-publish","hentry"],"_links":{"self":[{"href":"https:\/\/hockey-united.de\/index.php?rest_route=\/wp\/v2\/pages\/409","targetHints":{"allow":["GET"]}}],"collection":[{"href":"https:\/\/hockey-united.de\/index.php?rest_route=\/wp\/v2\/pages"}],"about":[{"href":"https:\/\/hockey-united.de\/index.php?rest_route=\/wp\/v2\/types\/page"}],"author":[{"embeddable":true,"href":"https:\/\/hockey-united.de\/index.php?rest_route=\/wp\/v2\/users\/2"}],"replies":[{"embeddable":true,"href":"https:\/\/hockey-united.de\/index.php?rest_route=%2Fwp%2Fv2%2Fcomments&post=409"}],"version-history":[{"count":11,"href":"https:\/\/hockey-united.de\/index.php?rest_route=\/wp\/v2\/pages\/409\/revisions"}],"predecessor-version":[{"id":808,"href":"https:\/\/hockey-united.de\/index.php?rest_route=\/wp\/v2\/pages\/409\/revisions\/808"}],"wp:attachment":[{"href":"https:\/\/hockey-united.de\/index.php?rest_route=%2Fwp%2Fv2%2Fmedia&parent=409"}],"curies":[{"name":"wp","href":"https:\/\/api.w.org\/{rel}","templated":true}]}}

<p>[et_pb_section fb_built=&#8220;1&#8243; _builder_version=&#8220;4.27.4&#8243; _module_preset=&#8220;default&#8220; global_colors_info=&#8220;{}&#8220;][et_pb_row _builder_version=&#8220;4.27.4&#8243; _module_preset=&#8220;default&#8220; global_colors_info=&#8220;{}&#8220;][et_pb_column type=&#8220;4_4&#8243; _builder_version=&#8220;4.27.4&#8243; _module_preset=&#8220;default&#8220; global_colors_info=&#8220;{}&#8220;][et_pb_heading title=&#8220;Sport als verbindendes Element – Das ist Hockey United Werne!&#8220; _builder_version=&#8220;4.27.4&#8243; _module_preset=&#8220;default&#8220; title_font=&#8220;Alfa Slab One||||||||&#8220; title_text_align=&#8220;center&#8220; global_colors_info=&#8220;{}&#8220;][/et_pb_heading][et_pb_image src=&#8220;https://hockey-united.de.w01ecd90.kasserver.com/wp-content/uploads/2025/03/United-X-Mas-44-scaled.jpg&#8220; title_text=&#8220;United X-Mas-44&#8243; _builder_version=&#8220;4.27.4&#8243; _module_preset=&#8220;default&#8220; global_colors_info=&#8220;{}&#8220;][/et_pb_image][et_pb_text _builder_version=&#8220;4.27.4&#8243; _module_preset=&#8220;default&#8220; custom_padding=&#8220;0px|||||&#8220; inline_fonts=&#8220;Abel,Alfa Slab One,Allura&#8220; global_colors_info=&#8220;{}&#8220;]</p>
<div>
<p><span class="cf1">Sport ist so vielseitig und bunt wie die Welt – und dass er auch stets ein verbindendes Element zwischen Menschen verschiedener Nationen sein kann, zeigt Hockey United Werne e. V. Als Projekt der Arbeitsgemeinschaft Flüchtlinge Werne e. V. gestartet, haben sich die 16 Sportler nun zu einem „echten“ Verein zusammengeschlossen. Elf Männer gründeten am 1. Juli 2018 Hockey United Werne e. V. und wollen in der Hallensaison 2018/19 in der 4. Verbandsliga des Bezirks Westfalen antreten.</span></p>
<p><span class="cf1">Sieben Erwachsene aus Syrien, Guinea und dem Irak, die auf der Flucht vor Terror und Gewalt in Werne eine neue Heimat finden möchten, und acht ehemalige Hockeyspieler des TV Werne sowie ein deutscher Hockey-Neuling passten, dribbeln und stoppen seit April 2018, was das Zeug hält. „Die Jungs haben doch schon zwei Jahre lang heimlich geübt“, traute Patrick Jahncke beim ersten Training seinen Augen kaum, als er sah, wie gut sich die Geflüchteten in dem für sie neuen Sport zurechtfanden.</span></p>
<p><span class="cf1">„Ich habe viel Spaß am Hockey, weil man technisch sehr gefordert ist und alle seine Sinne einsetzen muss und auch alle Muskeln arbeiten müssen“, erklärt Wail Kaabour. Der Vermessungstechniker kam im Herbst 2015 aus Syrien nach Werne.</span></p>
<p><span class="fs14lh1-5 cf1">Oberstes Ziel ist es, über den Sport Integrationsarbeit zu leisten, Berührungsängste auf beiden Seiten abzubauen und Kontakte untereinander auch außerhalb des Spielfeldes voranzutreiben. Hockey United Werne e.V. will für Völkerverständigung, Toleranz und ein friedliches Miteinander werben, versucht nun, seinen Platz in der Familie des Westdeutschen Hockey-Verbandes zu finden.</span></p>
<p><span class="fs14lh1-5 cf1">„Es waren fantastische vier Monate. Es wurde viel gelacht und alle &#8211; Geflüchtete und Deutsche &#8211; freuen sich auf das, was jetzt noch kommt“, sagt André Wagner, Initiator von Hockey United Werne e.V. Er wurde am 1. Juli 2018 zum Vorsitzenden des in Deutschland wohl einzigartigen Hockeyclubs gewählt. Tim Gloge ist stellvertretender Vorsitzender, Bernd Temme der Kassierer.</span></p>
<p><span class="fs14lh1-5 cf1">In der Satzung wurden auch außersportliche Integrationsangebote festgeschrieben. So sind Sprachkurse für die Spieler, aber auch Hausaufgabenbetreuung bzw. Nachhilfe für die Kinder der Aktiven fest eingeplant. Kooperationsgespräche mit dem St. Christophorus Gymnasium in Werne werden nach den Sommerferien fortgesetzt.</span></p>
<p><span class="fs14lh1-5 cf1">Den Beitrag von 2 Euro pro Monat (Erwachsene) können alle Mitspieler aufbringen. Die Kosten sollen vielmehr durch Fördermittel sowie Sponsoren gedeckt werden.</span></p>
</div>
<p>[/et_pb_text][/et_pb_column][/et_pb_row][et_pb_row column_structure=&#8220;1_3,1_3,1_3&#8243; _builder_version=&#8220;4.27.4&#8243; _module_preset=&#8220;default&#8220; global_colors_info=&#8220;{}&#8220;][et_pb_column type=&#8220;1_3&#8243; _builder_version=&#8220;4.27.4&#8243; _module_preset=&#8220;default&#8220; global_colors_info=&#8220;{}&#8220;][et_pb_video src=&#8220;https://www.youtube.com/watch?v=cJbEGv6nEAI&#038;feature=youtu.be&#8220; _builder_version=&#8220;4.27.4&#8243; _module_preset=&#8220;default&#8220; global_colors_info=&#8220;{}&#8220;][/et_pb_video][et_pb_text _builder_version=&#8220;4.27.4&#8243; _module_preset=&#8220;default&#8220; text_orientation=&#8220;center&#8220; global_colors_info=&#8220;{}&#8220;]</p>
<p>Vorstellung unseres Vereins</p>
<p>[/et_pb_text][/et_pb_column][et_pb_column type=&#8220;1_3&#8243; _builder_version=&#8220;4.27.4&#8243; _module_preset=&#8220;default&#8220; global_colors_info=&#8220;{}&#8220;][et_pb_video src=&#8220;https://www.youtube.com/watch?v=wEuEyrvH52E&#8220; _builder_version=&#8220;4.27.4&#8243; _module_preset=&#8220;default&#8220; global_colors_info=&#8220;{}&#8220;][/et_pb_video][et_pb_text _builder_version=&#8220;4.27.4&#8243; _module_preset=&#8220;default&#8220; text_orientation=&#8220;center&#8220; global_colors_info=&#8220;{}&#8220;]</p>
<p>Unser Weg zum Integrationsverein</p>
<p>[/et_pb_text][/et_pb_column][et_pb_column type=&#8220;1_3&#8243; _builder_version=&#8220;4.27.4&#8243; _module_preset=&#8220;default&#8220; global_colors_info=&#8220;{}&#8220;][et_pb_video src=&#8220;https://www.youtube.com/watch?v=U3wGubIYEKo&#8220; _builder_version=&#8220;4.27.4&#8243; _module_preset=&#8220;default&#8220; global_colors_info=&#8220;{}&#8220;][/et_pb_video][et_pb_text _builder_version=&#8220;4.27.4&#8243; _module_preset=&#8220;default&#8220; text_orientation=&#8220;center&#8220; global_colors_info=&#8220;{}&#8220;]</p>
<p>Unsere Vereinshymne</p>
<p>[/et_pb_text][/et_pb_column][/et_pb_row][et_pb_row _builder_version=&#8220;4.27.4&#8243; _module_preset=&#8220;default&#8220;][et_pb_column _builder_version=&#8220;4.27.4&#8243; _module_preset=&#8220;default&#8220; type=&#8220;4_4&#8243;][et_pb_button button_text=&#8220;Deutsche Hockey Zeitung über Hockey United (PDF)&#8220; _builder_version=&#8220;4.27.4&#8243; _module_preset=&#8220;default&#8220; button_url=&#8220;@ET-DC@eyJkeW5hbWljIjp0cnVlLCJjb250ZW50IjoicG9zdF9saW5rX3VybF9hdHRhY2htZW50Iiwic2V0dGluZ3MiOnsicG9zdF9pZCI6Ijc3MyJ9fQ==@&#8220; _dynamic_attributes=&#8220;button_url&#8220; url_new_window=&#8220;on&#8220; hover_enabled=&#8220;0&#8243; sticky_enabled=&#8220;0&#8243;][/et_pb_button][/et_pb_column][/et_pb_row][/et_pb_section]</p>

<p>Sport ist so vielseitig und bunt wie die Welt – und dass er auch stets ein verbindendes Element zwischen Menschen verschiedener Nationen sein kann, zeigt Hockey United Werne e. V. Als Projekt der Arbeitsgemeinschaft Flüchtlinge Werne e. V. gestartet, haben sich die 16 Sportler nun zu einem „echten“ Verein zusammengeschlossen. Elf Männer gründeten am 1. [&hellip;]</p>
